Let y(j) = -17*j**2 - 562*j - 66. Give y(-33).
-33
Let p(a) = 2*a**3 - 38*a**2 + 83*a - 1. Determine p(2).
29
Let c(g) = 608*g - 14033. Determine c(23).
-49
Let x(s) = 6*s**2 + 66*s + 102. Determine x(-9).
-6
Let j(w) = -988*w - 18762. What is j(-19)?
10
Let l(q) = 138*q - 2217. Give l(16).
-9
Let z(c) = -c**3 + 6*c**2 - c + 60. Give z(7).
4
Let i(b) = -b**3 - 43*b**2 + 58*b + 857. Give i(-44).
241
Let f(a) = 180*a + 19490. Determine f(-108).
50
Let t(w) = -2*w**2 - 52*w + 225. What is t(-30)?
-15
Let n(c) = -c**3 + 27*c**2 - 17*c - 850. Give n(25).
-25
Let a(m) = -4*m**3 + 5*m**2 - 10*m + 39. Give a(4).
-177
Let f(u) = -345*u**3 - 2*u**2 + 54*u + 54. Give f(-1).
343
Let m(k) = 53*k**2 - 4240*k + 7. Give m(80).
7
Let t(z) = -2*z**2 + 135*z + 348. Determine t(70).
-2
Let i(q) = 8*q + 219. What is i(-20)?
59
Let t(l) = l**3 - 25*l**2 - 4*l + 5. What is t(25)?
-95
Let m(v) = 7*v - 446. Calculate m(63).
-5
Let u(c) = -273*c - 22106. Calculate u(-81).
7
Let l(c) = -89*c - 438. What is l(-5)?
7
Let u(w) = -2*w**3 - 22*w**2 + 6*w + 4. Determine u(-10).
-256
Let j(k) = 1960*k + 10. What is j(0)?
10
Let d(i) = -51*i - 139. Determine d(-1).
-88
Let n(w) = 4*w**3 - 101*w**2 + 122*w - 139. Calculate n(24).
-91
Let o(l) = -5*l**3 + 39*l**2 - 26*l - 1. Determine o(7).
13
Let h(t) = 7*t**2 - 221*t + 118. What is h(29)?
-404
Let b(t) = -2*t**3 - 652*t**2 + 649*t - 1637. What is b(-327)?
-2
Let i(x) = -5*x**2 + 27*x + 13. Give i(7).
-43
Let c(r) = r**2 - 7*r + 67. Determine c(-14).
361
Let i(k) = -49*k**3 + k**2 - 8*k + 6. Determine i(1).
-50
Let h(i) = 1078*i + 2135. Give h(-2).
-21
Let i(v) = -14*v**3 + 2*v**2 + 34*v - 73. Calculate i(2).
-109
Let f(t) = -27*t + 2298. What is f(82)?
84
Let f(k) = 1398*k - 6. Determine f(0).
-6
Let w(c) = c**2 - 245*c - 502. Calculate w(-2).
-8
Let n(b) = b**3 - 103*b**2 - 541*b + 189. Give n(108).
81
Let a(o) = -o**3 - 12*o**2 + 41*o + 611. Calculate a(-11).
39
Let o(k) = -16*k**3 + 160*k**2 - 2*k + 11. Determine o(10).
-9
Let w(y) = -3*y**2 - 44*y - 71. What is w(-8)?
89
Let u(q) = 55*q**2 - 500*q + 81. Give u(9).
36
Let l(g) = -271*g + 487. What is l(2)?
-55
Let x(d) = -7*d - 36. What is x(-4)?
-8
Let z(t) = -9*t + 521. Calculate z(62).
-37
Let n(t) = -61*t + 273. What is n(-4)?
517
Let o(h) = -h**2 - 29*h. What is o(-27)?
54
Let i(m) = 71*m + 2621. Calculate i(-37).
-6
Let w(i) = -i**2 - 46*i + 6186. Calculate w(59).
-9
Let k(d) = -193*d + 2128. Give k(11).
5
Let d(b) = -24*b + 781. What is d(31)?
37
Let d(s) = 25*s - 263. Give d(10).
-13
Let q(w) = -w**3 - 46*w**2 - 571*w - 1882. Determine q(-28).
-6
Let n(j) = -5*j**2 + 2*j + 52. Calculate n(-10).
-468
Let m(l) = 21*l + 215. Give m(-9).
26
Let m(h) = -45*h**2 - 78*h + 221. What is m(3)?
-418
Let h(t) = -11*t**2 - 2*t + 2. Give h(1).
-11
Let b(o) = o**3 + 9*o**2 - 31*o - 233. Determine b(-10).
-23
Let t(z) = 4*z - 137. Give t(33).
-5
Let r(c) = -2*c**2 + 21*c - 42. Calculate r(6).
12
Let g(j) = -295*j - 5585. Give g(-19).
20
Let q(j) = -5*j**2 - 12*j + 39. What is q(3)?
-42
Let c(w) = -159*w + 82. Determine c(1).
-77
Let r(t) = -t**3 + 17*t**2 - 40*t - 22. Give r(14).
6
Let f(u) = -u**2 - 7*u + 72. What is f(-13)?
-6
Let z(f) = 1835*f + 9173. Give z(-5).
-2
Let p(f) = -79*f + 7126. Determine p(90).
16
Let f(h) = -130*h - 392. Give f(5).
-1042
Let r(i) = -2*i**2 - 155*i + 4978. Calculate r(-102).
-20
Let v(g) = -g - 159. Calculate v(38).
-197
Let h(o) = -o**2 - 9*o + 72. Calculate h(9).
-90
Let i(t) = 172*t + 591. What is i(1)?
763
Let u(f) = 9*f**2 - 642*f + 212. What is u(71)?
-1
Let h(t) = t**3 + 13*t**2 + 6*t + 75. What is h(-13)?
-3
Let i(j) = 47*j + 980. Calculate i(-21).
-7
Let f(x) = x**3 + 8*x**2 + 43*x + 845. Give f(-11).
9
Let j(u) = -u**2 - 668*u + 7469. Determine j(11).
0
Let p(a) = 347*a - 1711. Give p(5).
24
Let k(v) = -3*v**3 + 20*v**2 + 24*v - 113. Calculate k(7).
6
Let j(f) = f**3 - 14*f**2 + 25*f - 4. What is j(5)?
-104
Let x(i) = -2*i**2 + 4*i - 8. Calculate x(-7).
-134
Let i(d) = -d**3 - 10*d**2 - 13*d - 19. Calculate i(-8).
-43
Let k(o) = -9*o + 117. What is k(14)?
-9
Let k(t) = 2*t**2 - 31*t - 34. What is k(15)?
-49
Let v(c) = c**3 + 19*c**2 - 15*c - 284. Give v(-19).
1
Let f(b) = b**3 - 23*b**2 - 1941*b - 97. Determine f(-34).
5
Let u(w) = 85*w - 17. Determine u(-3).
-272
Let l(z) = 3*z**3 + 14*z**2 + 10*z + 14. Give l(-4).
6
Let y(t) = 2*t**2 + 148*t - 958. What is y(6)?
2
Let t(i) = -141*i - 72. Give t(-2).
210
Let c(w) = w**3 - 45*w**2 + 155*w + 325. What is c(41)?
-44
Let u(l) = -l**3 + 76*l**2 + 73*l + 347. Determine u(77).
39
Let j(z) = -446*z - 7104. Calculate j(-16).
32
Let c(q) = -q**3 + 82*q**2 - 1484*q - 45. Determine c(55).
10
Let t(n) = n**3 + 20*n**2 - 50*n - 101. Give t(-22).
31
Let d(o) = 10*o + 1577. Determine d(-158).
-3
Let t(m) = -m**3 - 27*m**2 + 4*m + 104. Determine t(-27).
-4
Let g(t) = -9*t - 269. Calculate g(8).
-341
Let k(h) = 281*h + 2242. Determine k(-8).
-6
Let k(x) = 87*x + 4878. Give k(-56).
6
Let f(b) = 43*b + 4812. Determine f(-112).
-4
Let x(w) = -w**3 + 293*w**2 - 1721*w + 11. Determine x(6).
17
Let y(g) = g**2 + 247*g - 5347. Calculate y(20).
-7
Let l(q) = -q**3 - 49*q**2 + 109*q + 278. Determine l(-51).
-79
Let k(h) = h**3 + 5*h**2 - 21*h - 89. Calculate k(-5).
16
Let v(y) = -717*y + 5789. Determine v(8).
53
Let z(w) = w**3 - 2*w**2 + 21*w - 84. What is z(0)?
-84
Let d(a) = 8*a**2 - 179*a + 58. Calculate d(22).
-8
Let r(d) = -d**3 + 69*d**2 + d - 101. What is r(69)?
-32
Let v(s) = -8*s**2 + 6*s - 6. What is v(4)?
-110
Let x(g) = 9*g**2 + 10*g - 87. Give x(5).
188
Let y(p) = -p**2 + 7*p + 56. Calculate y(-4).
12
Let z(x) = 6*x**2 - 5*x - 57. What is z(-6)?
189
Let d(n) = -64*n - 392. Calculate d(-6).
-8
Let t(z) = z**3 + 93*z**2 - 255*z - 15145. Calculate t(-94).
-11
Let x(q) = -q**2 - 39*q - 66. What is x(-36)?
42
Let p(o) = -2339*o - 11685. Calculate p(-5).
10
Let t(z) = -13*z**3 - 63*z**2 - 22*z - 106. Calculate t(-5).
54
Let p(h) = -309*h. What is p(1)?
-309
Let z(q) = -79*q - 344. Calculate z(-9).
367
Let l(y) = -4*y**2 + 1447*y - 1448. Calculate l(1).
-5
Let k(q) = q**3 + 16*q**2 + 43*q - 10. What is k(-9)?
170
Let z(w) = 70*w + 81. Determine z(-1).
11
Let n(p) = 3*p**2 + 168*p - 56. Determine n(-59).
475
Let p(u) = u**3 + 23*u**2 + 126*u + 88. Determine p(-15).
-2
Let b(t) = -3*t**3 - 24*t**2 - 40*t + 11. Calculate b(-4).
-21
Let g(n) = -88*n + 1780. Give g(20).
20
Let a(r) = -r**2 + 319*r - 22367. What is a(215)?
-7
Let o(p) = p**2 + 8*p - 71. What is o(-13)?
-6
Let s(q) = 385*q - 11562. Calculate s(30).
-12
Let b(g) = g**3 - 123*g**2 + 338*g + 2638. What is b(120)?
-2
Let u(a) = 7583*a + 45503. What is u(-6)?
5
Let d(u) = 2*u**3 - 14*u**2 + 15*u - 22. Determine d(4).
-58
Let m(k) = k**3 - 13*k**2 + 45*k - 27. What is m(6)?
-9
Let i(o) = 2*o**2 + 47*o + 193. What is i(-18)?
-5
Let n(i) = 264*i - 2374. Give n(9).
2
Let l(u) = 3*u**3 - 15*u**2 - 123*u + 919. Give l(7).
352
Let p(x) = 86*x + 14051. Determine p(-163).
33
Let q(i) = 4*i + 328. Give q(-60).
88
Let t(m) = 6*m**3 - 15*m**2 - 35*m - 21. What is t(-1)?
-7
Let l(r) = 287*r + 5748. Determine l(-20).
8
Let z(y) = 89*y**2 - 670*y - 3. What is z(9)?
1176
Let f(r) = -30*r**2 - 12088*r + 812. Calculate f(-403).
6
Let h(i) = -i**2 - 11*i + 333. Give h(13).
21
Let j(r) = r**3 - 52*r**2 + 104*r - 184. Give j(50).
16
Let r(g) = -g**3 - 73*g**2 + 641*g + 58. Calculate r(8).
2
Let g(j) = -27*j**2 + 166*j - 9. What is g(6)?
15
Let n(c) = -13*c + 1800. Determine n(136).
32
Let r(m) = -2*m**3 + 48*m**2 - 45. What is r(24)?
-45
Let f(s) = -3*s**3 - 45*s**2 - 141*s + 97. Determine f(-10).
7
Let j(q) = -4*q - 174. Determine j(-42).
-6
Let r(q) = -1133*q + 128024. Determine r(113).
-5
Let c(s) = s**2 - 109*s - 2688. Give c(-20).
-108
Let v(p) = -2*p**3 + 140*p**2 + 10*p - 678. Give v(70).
22
Let t(q) = 2*q**2 - 74*q + 471. Calculate t(8).
7
Let b(q) = -q**3 + 164*q**2 - 2103*q + 445. Give b(150).
-5
Let a(r) = 27*r**2 - 173*r + 70. Calculate a(6).
4
Let w(z) = 2*z**3 - 16*z**2 - 130*z + 1012. Calculate w(7).
4
Let g(v) = 48*v - 1283. Calculate g(33).
301
Let z(w) = w**2 - 369*w + 2892. What is z(361)?
4
Let p(k) = 7595*k + 7601. Determine p(-1).
6
Let a(u) = -2*u**2 + 258*u + 2192. Determine a(-8).
0
Let h(u) = -53*u - 5037. What is h(-95)?
-2
Let t(b) = -18*b + 